{"id":5640,"date":"2017-08-22T16:08:33","date_gmt":"2017-08-22T15:08:33","guid":{"rendered":"http:\/\/golfvalsecret.com\/?page_id=5640"},"modified":"2021-06-10T09:11:03","modified_gmt":"2021-06-10T08:11:03","slug":"le-club-2","status":"publish","type":"page","link":"https:\/\/golfvalsecret.com\/?page_id=5640","title":{"rendered":"Club"},"content":{"rendered":"[et_pb_section][et_pb_row][et_pb_column type=\u00a0\u00bb4_4&Prime;][et_pb_text]\n<h3>\u00a0Accueil &#8211; Bar<\/h3>\n<h3>\u00a0<a href=\"http:\/\/golfvalsecret.com\/golfvalsecret.com\/Newsite\/wp-content\/uploads\/2017\/03\/pano-bar.jpg\"><img loading=\"lazy\" decoding=\"async\" class=\"alignnone wp-image-1156\" src=\"http:\/\/golfvalsecret.com\/golfvalsecret.com\/Newsite\/wp-content\/uploads\/2017\/03\/pano-bar-300x82.jpg\" alt=\"\" width=\"1140\" height=\"311\" srcset=\"https:\/\/golfvalsecret.com\/golfvalsecret.com\/Newsite\/wp-content\/uploads\/2017\/03\/pano-bar-300x82.jpg 300w, https:\/\/golfvalsecret.com\/golfvalsecret.com\/Newsite\/wp-content\/uploads\/2017\/03\/pano-bar-768x210.jpg 768w, https:\/\/golfvalsecret.com\/golfvalsecret.com\/Newsite\/wp-content\/uploads\/2017\/03\/pano-bar-1024x280.jpg 1024w, https:\/\/golfvalsecret.com\/golfvalsecret.com\/Newsite\/wp-content\/uploads\/2017\/03\/pano-bar-1080x296.jpg 1080w, https:\/\/golfvalsecret.com\/golfvalsecret.com\/Newsite\/wp-content\/uploads\/2017\/03\/pano-bar.jpg 1800w\" sizes=\"(max-width: 1140px) 100vw, 1140px\" \/><\/a><\/h3>\n<h3><\/h3>\n<h3>Le Proshop<\/h3>\n<p><a href=\"http:\/\/golfvalsecret.com\/golfvalsecret.com\/Newsite\/wp-content\/uploads\/2017\/04\/IMG_3717-e1491474725119.jpg\"><img loading=\"lazy\" decoding=\"async\" class=\"alignnone wp-image-1488\" src=\"http:\/\/golfvalsecret.com\/golfvalsecret.com\/Newsite\/wp-content\/uploads\/2017\/04\/IMG_3717-e1491474725119.jpg\" alt=\"\" width=\"1155\" height=\"273\" \/><\/a><\/p>\n<p>&nbsp;<\/p>\n<p>Un grand choix de marques dans des articles textiles, mat\u00e9riel et accessoires vous sont propos\u00e9s : Titleist, FootJoy, Wilson, Trolem, Golfino, Sun Mountain, Chiberta, &#8230; Vous y trouverez l&rsquo;ensemble des articles pour pratiquer votre sport favori : textile casual et technique, chaussures, sacs tr\u00e9pied et chariots, clubs, chariots \u00e9lectriques et manuels, accessoires (casquettes, visi\u00e8res, balles, &#8230;) et plus encore&#8230; Nous disposons \u00e9galement d&rsquo;une gamme d&rsquo;articles textiles logot\u00e9s aux couleurs du Golf du Val Secret. Notre gamme de produits est r\u00e9guli\u00e8rement mise \u00e0 jour des nouveaut\u00e9s.<\/p>\n<p>&nbsp;<\/p>\n<h3><\/h3>\n<h3><\/h3>\n<h3><a href=\"http:\/\/www.lagrangedelabbaye.fr\">Le restaurant \u201cLa Grange de l\u2019Abbaye\u201d:<\/a><\/h3>\n<p>&nbsp;<\/p>\n<p>Que vous soyez golfeur ou non, le personnel du restaurant sera heureux de vous accueillir tous les midis en semaine (sauf le lundi) et le samedi soir. En \u00e9t\u00e9, profitez de la terrasse, dans un cadre champ\u00eatre agr\u00e9able, \u00e0 quelques minutes seulement de Ch\u00e2teau-Thierry. Lors des jours plus frais, c&rsquo;est dans une salle chaleureuse, orn\u00e9e de murs en pierres, que vous vous retrouverez pour d\u00e9guster les suggestions du Chef.<\/p>\n<p>&nbsp;<\/p>\n<p>Menu Albatros (25 \u20ac) :<\/p>\n<p>Buffet campagnard<\/p>\n<p>Plat du march\u00e9<\/p>\n<p>Fromage ou dessert<\/p>\n<p>Menu Bogey (20 \u20ac) :<\/p>\n<p>Buffet d&rsquo;entr\u00e9es<\/p>\n<p>Fromage ou dessert<\/p>\n<p>Menu Eagle (20 \u20ac)\u00a0:<\/p>\n<p>Buffet d&rsquo;entr\u00e9es<\/p>\n<p>Plat du march\u00e9<\/p>\n<p>ou<\/p>\n<p>Plat du march\u00e9<\/p>\n<p>Fromage ou dessert<\/p>\n<p>Menu Birdie (15 \u20ac)\u00a0:<\/p>\n<p>Plat du march\u00e9<\/p>\n<p>Buffet campagnard \u00e0 volont\u00e9 (15 \u20ac)<\/p>\n<p>Menu Tiger Woods Junior (11,50 \u20ac)<\/p>\n<p>Steak hach\u00e9 ou nuggets<\/p>\n<p>Dessert<\/p>\n<p>&nbsp;<\/p>\n<p>et nos entr\u00e9es, nos viandes, nos poissons et nos salades \u00e0 la Carte.<\/p>\n<p>Ce cadre historique saura \u00e9galement vous enchanter pour l&rsquo;organisation<\/p>\n<p>de vos repas de groupe,organisation d\u2019\u00e9v\u00e9nements priv\u00e9s, s\u00e9minaires,\u2026<\/p>\n<p>Tel\u00a0: 03.23.83.92.70<\/p>\n<p>www.<a href=\"http:\/\/www.lagrangedelabbaye.fr\">lagrangedelabbaye.fr<\/a><\/p>\n<p>&nbsp;<\/p>\n<h3><\/h3>\n<h3>Notre h\u00f4tel Partenaire Golfy\u00a0:<\/h3>\n<p>Aux Portes de la Champagne, l\u2019h\u00f4tel 3 \u00e9toiles <a href=\"https:\/\/www.campanile.com\/fr\/hotels\/campanile-chateau-thierry?utm_source=google&amp;utm_medium=maps&amp;utm_content=FRA21846&amp;utm_campaign=Campanile\">Campanile<\/a> de Ch\u00e2teau-Thierry, enti\u00e8rement r\u00e9nov\u00e9 en 2011, b\u00e9n\u00e9ficie d\u2019une situation privil\u00e9gi\u00e9e. Il est situ\u00e9 \u00e0 2 km en voiture du centre-ville de Ch\u00e2teau-Thierry et du Golf du Val Secret. Un parking gratuit et s\u00e9curis\u00e9 la nuit est mis \u00e0 la disposition de son aimable client\u00e8le.<\/p>\n<p>Tel\u00a0: 03.23.69.23.23 \/ E-mail\u00a0: chateauthierry@campanile.fr<\/p>\n<p>&nbsp;<\/p>\n<h3>Historique :<\/h3>\n<p>L&rsquo;abbaye du Val Secret<\/p>\n<p>Vers 1133, une communaut\u00e9 de \u00ab\u00a0Pr\u00e9montr\u00e9s\u00a0\u00bb \u00e9tait install\u00e9e dans l&rsquo;enceinte de la forteresse de Ch\u00e2teau-Thierry. Mais l&rsquo;endroit \u00e9tant peu propice au recueillement, le Comte Thibaud de Champagne donna ses terres du \u00ab\u00a0Val Secret\u00a0\u00bb pour y installer l&rsquo;abbaye.<\/p>\n<p>En 1230, le Val Secret fut au centre d&rsquo;un \u00e9pisode historique de la conjuration des barons contre le Roi de France. Le mariage de Yolande, fille du Duc de Bretagne, avec Thibaud, Comte de Champagne, qui scellait la conjuration, devait avoir lieu au Val Secret. Les barons \u00e9taient d\u00e9j\u00e0 arriv\u00e9s quand, sur le chemin de Thibaud, un \u00e9missaire du roi Louis IX r\u00e9ussit \u00e0 le convaincre d&rsquo;y renoncer, ce qu&rsquo;il fit sur le champ. La col\u00e8re des conjur\u00e9s fut terrible au point de provoquer l&rsquo;invasion et le pillage d&rsquo;une partie de la Champagne.<\/p>\n<p>En 1252, Thibaud, roi de Navarre, construisit une \u00ab\u00a0grange\u00a0\u00bb aupr\u00e8s de l&rsquo;abbaye du Val Secret dont la cave subsiste sous l&rsquo;actuelle salle de restauration reconstruite au 18<sup>\u00e8me<\/sup> si\u00e8cle.<\/p>\n<p>Vers la fin du 17<sup>\u00e8me<\/sup> si\u00e8cle, les b\u00e2timents \u00e9tant en piteux \u00e9tat \u00e0 cause de difficult\u00e9s financi\u00e8res, l&rsquo;abbaye est oblig\u00e9e de se r\u00e9soudre \u00e0 la \u00ab\u00a0commende s\u00e9culi\u00e8re\u00a0\u00bb, sorte de reprise par un la\u00efc de la charge d&rsquo;Abb\u00e9. Le repreneur, sur ses fonds propres et avec une gestion efficace, restaura les b\u00e2timents dans la splendeur de l&rsquo;\u00e9poque.<\/p>\n<p>Dernier avatar de l&rsquo;histoire : \u00e0 la fin du 19<sup>\u00e8me<\/sup> si\u00e8cle, lors de la construction de la ligne de chemin de fer de Ch\u00e2teau-Thierry \u00e0 La Fert\u00e9 Milon, les ruines de l&rsquo;abbaye furent vendues comme carri\u00e8re de mat\u00e9riaux pour construire le tunnel toujours visible.<\/p>\n<p>Durant la bataille de la Marne (1917), une batterie Allemande \u00e9tait install\u00e9e en lieu et place du green du 18. C&rsquo;est la raison pour laquelle sur les trous 7 et 8, il reste des d\u00e9pressions dues aux bombardements .<\/p>\n<p>Il ne reste donc aujourd&rsquo;hui que le b\u00e2timent qui abrite l&rsquo;accueil et le restaurant qui t\u00e9moignent de l&rsquo;\u00e9poque de la vie monastique au Val Secret. Subsistent aussi les travaux hydrauliques de drainage, les diff\u00e9rentes \u00e9tangs ainsi que les vestiges du chemin de fer.<\/p>\n<h4>Golf du Val Secret<br \/>\nLieu dit le Val Secret<br \/>\n02400 Ch\u00e2teau-Thierry<\/h4>\n<h4>T\u00e9l : 03 23 83 07 25<\/h4>\n<h4>E-mail : contact@golfvalsecret.com<\/h4>\n[\/et_pb_text][\/et_pb_column][\/et_pb_row][\/et_pb_section]\n","protected":false},"excerpt":{"rendered":"<p><div class=\"et_pb_section et_pb_section_0 et_section_regular\" >\n\t\t\t\t\n\t\t\t\t\n\t\t\t\t\n\t\t\t\t\n\t\t\t\t\n\t\t\t\t\n\t\t\t\t\n\t\t\t\t\n\t\t\t\t\n\t\t\t<\/div><div class=\"et_pb_row et_pb_row_0 et_pb_row_empty\">\n\t\t\t\t\n\t\t\t\t\n\t\t\t\t\n\t\t\t\t\n\t\t\t\t\n\t\t\t<\/div><div class=\"et_pb_module et_pb_text et_pb_text_0  et_pb_text_align_left et_pb_bg_layout_light\">\n\t\t\t\t\n\t\t\t\t\n\t\t\t\t\n\t\t\t\t\n\t\t\t\t\n\t\t\t<\/div> \u00a0Accueil &#8211; Bar \u00a0 Le Proshop &nbsp; Un grand choix de marques dans des articles textiles, mat\u00e9riel et accessoires vous sont propos\u00e9s : Titleist, FootJoy, Wilson, Trolem, Golfino, Sun Mountain, Chiberta, &#8230; Vous y trouverez l&rsquo;ensemble des articles pour pratiquer votre sport favori : textile casual et technique, chaussures, sacs tr\u00e9pied et chariots, clubs, [&hellip;]<\/p>\n","protected":false},"author":2,"featured_media":0,"parent":0,"menu_order":0,"comment_status":"closed","ping_status":"closed","template":"","meta":{"_et_pb_use_builder":"on","_et_pb_old_content":"<h3>\u00a0Accueil - Bar<\/h3><h3>\u00a0<a href=\"http:\/\/golfvalsecret.com\/golfvalsecret.com\/Newsite\/wp-content\/uploads\/2017\/03\/pano-bar.jpg\"><img class=\"alignnone wp-image-1156\" src=\"http:\/\/golfvalsecret.com\/golfvalsecret.com\/Newsite\/wp-content\/uploads\/2017\/03\/pano-bar-300x82.jpg\" alt=\"\" width=\"1140\" height=\"311\" \/><\/a><\/h3><h3>\u00a0<\/h3><h3>Le Proshop<\/h3><p><a href=\"http:\/\/golfvalsecret.com\/golfvalsecret.com\/Newsite\/wp-content\/uploads\/2017\/04\/IMG_3717-e1491474725119.jpg\"><img class=\"alignnone wp-image-1488\" src=\"http:\/\/golfvalsecret.com\/golfvalsecret.com\/Newsite\/wp-content\/uploads\/2017\/04\/IMG_3717-e1491474725119.jpg\" alt=\"\" width=\"1155\" height=\"273\" \/><\/a><\/p><p>\u00a0<\/p><p>Un grand choix de marques dans des articles textiles, mat\u00e9riel et accessoires vous sont propos\u00e9s : Titleist, FootJoy, Wilson, Trolem, Golfino, Sun Mountain, Chiberta, ... Vous y trouverez l'ensemble des articles pour pratiquer votre sport favori : textile casual et technique, chaussures, sacs tr\u00e9pied et chariots, clubs, chariots \u00e9lectriques et manuels, accessoires (casquettes, visi\u00e8res, balles, ...) et plus encore... Nous disposons \u00e9galement d'une gamme d'articles textiles logot\u00e9s aux couleurs du Golf du Val Secret. Notre gamme de produits est r\u00e9guli\u00e8rement mise \u00e0 jour des nouveaut\u00e9s.<\/p><p>\u00a0<\/p><h3>\u00a0<\/h3><h3>\u00a0<\/h3><h3><a href=\"http:\/\/www.lagrangedelabbaye.fr\">Le restaurant \u201cLa Grange de l\u2019Abbaye\u201d:<\/a><\/h3><p>\u00a0<\/p><p>Que vous soyez golfeur ou non, le personnel du restaurant sera heureux de vous accueillir tous les midis en semaine (sauf le lundi) et le samedi soir. En \u00e9t\u00e9, profitez de la terrasse, dans un cadre champ\u00eatre agr\u00e9able, \u00e0 quelques minutes seulement de Ch\u00e2teau-Thierry. Lors des jours plus frais, c'est dans une salle chaleureuse, orn\u00e9e de murs en pierres, que vous vous retrouverez pour d\u00e9guster les suggestions du Chef.<\/p><p>\u00a0<\/p><p>Menu Albatros (25 \u20ac) :<\/p><p>Buffet campagnard<\/p><p>Plat du march\u00e9<\/p><p>Fromage ou dessert<\/p><p>Menu Bogey (20 \u20ac) :<\/p><p>Buffet d'entr\u00e9es<\/p><p>Fromage ou dessert<\/p><p>Menu Eagle (20 \u20ac)\u00a0:<\/p><p>Buffet d'entr\u00e9es<\/p><p>Plat du march\u00e9<\/p><p>ou<\/p><p>Plat du march\u00e9<\/p><p>Fromage ou dessert<\/p><p>Menu Birdie (15 \u20ac)\u00a0:<\/p><p>Plat du march\u00e9<\/p><p>Buffet campagnard \u00e0 volont\u00e9 (15 \u20ac)<\/p><p>Menu Tiger Woods Junior (11,50 \u20ac)<\/p><p>Steak hach\u00e9 ou nuggets<\/p><p>Dessert<\/p><p>\u00a0<\/p><p>et nos entr\u00e9es, nos viandes, nos poissons et nos salades \u00e0 la Carte.<\/p><p>Ce cadre historique saura \u00e9galement vous enchanter pour l'organisation<\/p><p>de vos repas de groupe,organisation d\u2019\u00e9v\u00e9nements priv\u00e9s, s\u00e9minaires,\u2026<\/p><p>Tel\u00a0: 03.23.83.92.70<\/p><p>www.<a href=\"http:\/\/www.lagrangedelabbaye.fr\">lagrangedelabbaye.fr<\/a><\/p><p>\u00a0<\/p><h3>\u00a0<\/h3><h3>Notre h\u00f4tel Partenaire Golfy\u00a0:<\/h3><p>Aux Portes de la Champagne, l\u2019h\u00f4tel 3 \u00e9toiles <a href=\"https:\/\/www.campanile.com\/fr\/hotels\/campanile-chateau-thierry?utm_source=google&amp;utm_medium=maps&amp;utm_content=FRA21846&amp;utm_campaign=Campanile\">Campanile<\/a> de Ch\u00e2teau-Thierry, enti\u00e8rement r\u00e9nov\u00e9 en 2011, b\u00e9n\u00e9ficie d\u2019une situation privil\u00e9gi\u00e9e. Il est situ\u00e9 \u00e0 2 km en voiture du centre-ville de Ch\u00e2teau-Thierry et du Golf du Val Secret. Un parking gratuit et s\u00e9curis\u00e9 la nuit est mis \u00e0 la disposition de son aimable client\u00e8le.<\/p><p>Tel\u00a0: 03.23.69.23.23 \/ E-mail\u00a0: chateauthierry@campanile.fr<\/p><p>\u00a0<\/p><h3>Historique :<\/h3><p>L'abbaye du Val Secret<\/p><p>Vers 1133, une communaut\u00e9 de \"Pr\u00e9montr\u00e9s\" \u00e9tait install\u00e9e dans l'enceinte de la forteresse de Ch\u00e2teau-Thierry. Mais l'endroit \u00e9tant peu propice au recueillement, le Comte Thibaud de Champagne donna ses terres du \"Val Secret\" pour y installer l'abbaye.<\/p><p>En 1230, le Val Secret fut au centre d'un \u00e9pisode historique de la conjuration des barons contre le Roi de France. Le mariage de Yolande, fille du Duc de Bretagne, avec Thibaud, Comte de Champagne, qui scellait la conjuration, devait avoir lieu au Val Secret. Les barons \u00e9taient d\u00e9j\u00e0 arriv\u00e9s quand, sur le chemin de Thibaud, un \u00e9missaire du roi Louis IX r\u00e9ussit \u00e0 le convaincre d'y renoncer, ce qu'il fit sur le champ. La col\u00e8re des conjur\u00e9s fut terrible au point de provoquer l'invasion et le pillage d'une partie de la Champagne.<\/p><p>En 1252, Thibaud, roi de Navarre, construisit une \"grange\" aupr\u00e8s de l'abbaye du Val Secret dont la cave subsiste sous l'actuelle salle de restauration reconstruite au 18<sup>\u00e8me<\/sup> si\u00e8cle.<\/p><p>Vers la fin du 17<sup>\u00e8me<\/sup> si\u00e8cle, les b\u00e2timents \u00e9tant en piteux \u00e9tat \u00e0 cause de difficult\u00e9s financi\u00e8res, l'abbaye est oblig\u00e9e de se r\u00e9soudre \u00e0 la \"commende s\u00e9culi\u00e8re\", sorte de reprise par un la\u00efc de la charge d'Abb\u00e9. Le repreneur, sur ses fonds propres et avec une gestion efficace, restaura les b\u00e2timents dans la splendeur de l'\u00e9poque.<\/p><p>Dernier avatar de l'histoire : \u00e0 la fin du 19<sup>\u00e8me<\/sup> si\u00e8cle, lors de la construction de la ligne de chemin de fer de Ch\u00e2teau-Thierry \u00e0 La Fert\u00e9 Milon, les ruines de l'abbaye furent vendues comme carri\u00e8re de mat\u00e9riaux pour construire le tunnel toujours visible.<\/p><p>Durant la bataille de la Marne (1917), une batterie Allemande \u00e9tait install\u00e9e en lieu et place du green du 18. C'est la raison pour laquelle sur les trous 7 et 8, il reste des d\u00e9pressions dues aux bombardements .<\/p><p>Il ne reste donc aujourd'hui que le b\u00e2timent qui abrite l'accueil et le restaurant qui t\u00e9moignent de l'\u00e9poque de la vie monastique au Val Secret. Subsistent aussi les travaux hydrauliques de drainage, les diff\u00e9rentes \u00e9tangs ainsi que les vestiges du chemin de fer.<\/p><h4>Golf du Val Secret<br \/>Lieu dit le Val Secret<br \/>02400 Ch\u00e2teau-Thierry<\/h4><h4>T\u00e9l : 03 23 83 07 25<\/h4><h4>E-mail : contact@golfvalsecret.com<\/h4>","_et_gb_content_width":"","_exactmetrics_skip_tracking":false,"_exactmetrics_sitenote_active":false,"_exactmetrics_sitenote_note":"","_exactmetrics_sitenote_category":0,"footnotes":""},"class_list":["post-5640","page","type-page","status-publish","hentry"],"yoast_head":"<!-- This site is optimized with the Yoast SEO plugin v26.3 - https:\/\/yoast.com\/wordpress\/plugins\/seo\/ -->\n<title>Club - Golf du Val Secret<\/title>\n<meta name=\"robots\" content=\"index, follow, max-snippet:-1, max-image-preview:large, max-video-preview:-1\" \/>\n<link rel=\"canonical\" href=\"https:\/\/golfvalsecret.com\/?page_id=5640\" \/>\n<meta property=\"og:locale\" content=\"fr_FR\" \/>\n<meta property=\"og:type\" content=\"article\" \/>\n<meta property=\"og:title\" content=\"Club - Golf du Val Secret\" \/>\n<meta property=\"og:description\" content=\"\u00a0Accueil - Bar \u00a0 Le Proshop &nbsp; Un grand choix de marques dans des articles textiles, mat\u00e9riel et accessoires vous sont propos\u00e9s : Titleist, FootJoy, Wilson, Trolem, Golfino, Sun Mountain, Chiberta, ... Vous y trouverez l&#039;ensemble des articles pour pratiquer votre sport favori : textile casual et technique, chaussures, sacs tr\u00e9pied et chariots, clubs, [&hellip;]\" \/>\n<meta property=\"og:url\" content=\"https:\/\/golfvalsecret.com\/?page_id=5640\" \/>\n<meta property=\"og:site_name\" content=\"Golf du Val Secret\" \/>\n<meta property=\"article:modified_time\" content=\"2021-06-10T08:11:03+00:00\" \/>\n<meta property=\"og:image\" content=\"https:\/\/golfvalsecret.com\/golfvalsecret.com\/Newsite\/wp-content\/uploads\/2017\/03\/pano-bar.jpg\" \/>\n\t<meta property=\"og:image:width\" content=\"1800\" \/>\n\t<meta property=\"og:image:height\" content=\"493\" \/>\n\t<meta property=\"og:image:type\" content=\"image\/jpeg\" \/>\n<meta name=\"twitter:label1\" content=\"Dur\u00e9e de lecture estim\u00e9e\" \/>\n\t<meta name=\"twitter:data1\" content=\"4 minutes\" \/>\n<script type=\"application\/ld+json\" class=\"yoast-schema-graph\">{\"@context\":\"https:\/\/schema.org\",\"@graph\":[{\"@type\":\"WebPage\",\"@id\":\"https:\/\/golfvalsecret.com\/?page_id=5640\",\"url\":\"https:\/\/golfvalsecret.com\/?page_id=5640\",\"name\":\"Club - Golf du Val Secret\",\"isPartOf\":{\"@id\":\"https:\/\/golfvalsecret.com\/#website\"},\"primaryImageOfPage\":{\"@id\":\"https:\/\/golfvalsecret.com\/?page_id=5640#primaryimage\"},\"image\":{\"@id\":\"https:\/\/golfvalsecret.com\/?page_id=5640#primaryimage\"},\"thumbnailUrl\":\"http:\/\/golfvalsecret.com\/golfvalsecret.com\/Newsite\/wp-content\/uploads\/2017\/03\/pano-bar-300x82.jpg\",\"datePublished\":\"2017-08-22T15:08:33+00:00\",\"dateModified\":\"2021-06-10T08:11:03+00:00\",\"breadcrumb\":{\"@id\":\"https:\/\/golfvalsecret.com\/?page_id=5640#breadcrumb\"},\"inLanguage\":\"fr-FR\",\"potentialAction\":[{\"@type\":\"ReadAction\",\"target\":[\"https:\/\/golfvalsecret.com\/?page_id=5640\"]}]},{\"@type\":\"ImageObject\",\"inLanguage\":\"fr-FR\",\"@id\":\"https:\/\/golfvalsecret.com\/?page_id=5640#primaryimage\",\"url\":\"http:\/\/golfvalsecret.com\/golfvalsecret.com\/Newsite\/wp-content\/uploads\/2017\/03\/pano-bar-300x82.jpg\",\"contentUrl\":\"http:\/\/golfvalsecret.com\/golfvalsecret.com\/Newsite\/wp-content\/uploads\/2017\/03\/pano-bar-300x82.jpg\"},{\"@type\":\"BreadcrumbList\",\"@id\":\"https:\/\/golfvalsecret.com\/?page_id=5640#breadcrumb\",\"itemListElement\":[{\"@type\":\"ListItem\",\"position\":1,\"name\":\"Accueil\",\"item\":\"https:\/\/golfvalsecret.com\/\"},{\"@type\":\"ListItem\",\"position\":2,\"name\":\"Club\"}]},{\"@type\":\"WebSite\",\"@id\":\"https:\/\/golfvalsecret.com\/#website\",\"url\":\"https:\/\/golfvalsecret.com\/\",\"name\":\"Golf du Val Secret\",\"description\":\"Bienvenue\",\"potentialAction\":[{\"@type\":\"SearchAction\",\"target\":{\"@type\":\"EntryPoint\",\"urlTemplate\":\"https:\/\/golfvalsecret.com\/?s={search_term_string}\"},\"query-input\":{\"@type\":\"PropertyValueSpecification\",\"valueRequired\":true,\"valueName\":\"search_term_string\"}}],\"inLanguage\":\"fr-FR\"}]}<\/script>\n<!-- \/ Yoast SEO plugin. -->","yoast_head_json":{"title":"Club - Golf du Val Secret","robots":{"index":"index","follow":"follow","max-snippet":"max-snippet:-1","max-image-preview":"max-image-preview:large","max-video-preview":"max-video-preview:-1"},"canonical":"https:\/\/golfvalsecret.com\/?page_id=5640","og_locale":"fr_FR","og_type":"article","og_title":"Club - Golf du Val Secret","og_description":"\u00a0Accueil - Bar \u00a0 Le Proshop &nbsp; Un grand choix de marques dans des articles textiles, mat\u00e9riel et accessoires vous sont propos\u00e9s : Titleist, FootJoy, Wilson, Trolem, Golfino, Sun Mountain, Chiberta, ... Vous y trouverez l'ensemble des articles pour pratiquer votre sport favori : textile casual et technique, chaussures, sacs tr\u00e9pied et chariots, clubs, [&hellip;]","og_url":"https:\/\/golfvalsecret.com\/?page_id=5640","og_site_name":"Golf du Val Secret","article_modified_time":"2021-06-10T08:11:03+00:00","og_image":[{"width":1800,"height":493,"url":"https:\/\/golfvalsecret.com\/golfvalsecret.com\/Newsite\/wp-content\/uploads\/2017\/03\/pano-bar.jpg","type":"image\/jpeg"}],"twitter_misc":{"Dur\u00e9e de lecture estim\u00e9e":"4 minutes"},"schema":{"@context":"https:\/\/schema.org","@graph":[{"@type":"WebPage","@id":"https:\/\/golfvalsecret.com\/?page_id=5640","url":"https:\/\/golfvalsecret.com\/?page_id=5640","name":"Club - Golf du Val Secret","isPartOf":{"@id":"https:\/\/golfvalsecret.com\/#website"},"primaryImageOfPage":{"@id":"https:\/\/golfvalsecret.com\/?page_id=5640#primaryimage"},"image":{"@id":"https:\/\/golfvalsecret.com\/?page_id=5640#primaryimage"},"thumbnailUrl":"http:\/\/golfvalsecret.com\/golfvalsecret.com\/Newsite\/wp-content\/uploads\/2017\/03\/pano-bar-300x82.jpg","datePublished":"2017-08-22T15:08:33+00:00","dateModified":"2021-06-10T08:11:03+00:00","breadcrumb":{"@id":"https:\/\/golfvalsecret.com\/?page_id=5640#breadcrumb"},"inLanguage":"fr-FR","potentialAction":[{"@type":"ReadAction","target":["https:\/\/golfvalsecret.com\/?page_id=5640"]}]},{"@type":"ImageObject","inLanguage":"fr-FR","@id":"https:\/\/golfvalsecret.com\/?page_id=5640#primaryimage","url":"http:\/\/golfvalsecret.com\/golfvalsecret.com\/Newsite\/wp-content\/uploads\/2017\/03\/pano-bar-300x82.jpg","contentUrl":"http:\/\/golfvalsecret.com\/golfvalsecret.com\/Newsite\/wp-content\/uploads\/2017\/03\/pano-bar-300x82.jpg"},{"@type":"BreadcrumbList","@id":"https:\/\/golfvalsecret.com\/?page_id=5640#breadcrumb","itemListElement":[{"@type":"ListItem","position":1,"name":"Accueil","item":"https:\/\/golfvalsecret.com\/"},{"@type":"ListItem","position":2,"name":"Club"}]},{"@type":"WebSite","@id":"https:\/\/golfvalsecret.com\/#website","url":"https:\/\/golfvalsecret.com\/","name":"Golf du Val Secret","description":"Bienvenue","potentialAction":[{"@type":"SearchAction","target":{"@type":"EntryPoint","urlTemplate":"https:\/\/golfvalsecret.com\/?s={search_term_string}"},"query-input":{"@type":"PropertyValueSpecification","valueRequired":true,"valueName":"search_term_string"}}],"inLanguage":"fr-FR"}]}},"_links":{"self":[{"href":"https:\/\/golfvalsecret.com\/index.php?rest_route=\/wp\/v2\/pages\/5640","targetHints":{"allow":["GET"]}}],"collection":[{"href":"https:\/\/golfvalsecret.com\/index.php?rest_route=\/wp\/v2\/pages"}],"about":[{"href":"https:\/\/golfvalsecret.com\/index.php?rest_route=\/wp\/v2\/types\/page"}],"author":[{"embeddable":true,"href":"https:\/\/golfvalsecret.com\/index.php?rest_route=\/wp\/v2\/users\/2"}],"replies":[{"embeddable":true,"href":"https:\/\/golfvalsecret.com\/index.php?rest_route=%2Fwp%2Fv2%2Fcomments&post=5640"}],"version-history":[{"count":7,"href":"https:\/\/golfvalsecret.com\/index.php?rest_route=\/wp\/v2\/pages\/5640\/revisions"}],"predecessor-version":[{"id":6732,"href":"https:\/\/golfvalsecret.com\/index.php?rest_route=\/wp\/v2\/pages\/5640\/revisions\/6732"}],"wp:attachment":[{"href":"https:\/\/golfvalsecret.com\/index.php?rest_route=%2Fwp%2Fv2%2Fmedia&parent=5640"}],"curies":[{"name":"wp","href":"https:\/\/api.w.org\/{rel}","templated":true}]}}